or of 31268628 and 27580.
788
What is the greatest common factor of 6701995 and 6290?
3145
Calculate the highest common divisor of 65024 and 44185088.
512
Calculate the greatest common factor of 217032114 and 13.
13
Calculate the highest common divisor of 546 and 3722712.
42
Calculate the greatest common factor of 101080598 and 311.
311
What is the greatest common factor of 36 and 2306646324?
36
What is the highest common factor of 276188 and 184?
4
What is the highest common factor of 341268298 and 4?
2
What is the greatest common factor of 277998 and 13587?
21
What is the highest common divisor of 948079944 and 2148?
2148
What is the highest common divisor of 255 and 642113715?
255
Calculate the greatest common factor of 199527889 and 55.
11
What is the greatest common factor of 52523244 and 3408?
852
What is the highest common divisor of 26621 and 1526?
7
What is the greatest common factor of 120905 and 5405?
5
Calculate the highest common factor of 15280648 and 1426.
46
Calculate the greatest common factor of 6352 and 30656.
16
What is the greatest common divisor of 7803 and 477139?
289
Calculate the greatest common factor of 96 and 26129256.
24
Calculate the highest common factor of 2253 and 4581851.
751
Calculate the highest common divisor of 132 and 350236.
4
Calculate the greatest common factor of 741632 and 64.
64
Calculate the greatest common divisor of 1520121 and 2397.
141
Calculate the highest common factor of 1193195 and 1185.
5
What is the greatest common divisor of 61162223 and 201?
67
Calculate the highest common factor of 12220 and 243836.
188
What is the highest common factor of 864 and 16896816?
432
What is the greatest common divisor of 81030110 and 3710?
3710
Calculate the greatest common divisor of 11 and 198003157.
11
Calculate the highest common divisor of 1664 and 27279232.
128
Calculate the highest common factor of 832 and 1920672.
416
Calculate the greatest common factor of 44 and 9999484.
44
What is the highest common factor of 3069395 and 6755?
35
Calculate the greatest common divisor of 400749 and 228.
3
Calculate the greatest common divisor of 527022 and 5566829.
1273
Calculate the highest common factor of 413171 and 803.
11
Calculate the greatest common factor of 2412 and 14929476.
804
Calculate the highest common divisor of 488978768 and 16.
16
What is the highest common divisor of 29916 and 61830?
54
Calculate the greatest common divisor of 103491 and 198967197.
11499
What is the greatest common divisor of 208 and 139204?
52
Calculate the greatest common factor of 11138318 and 149696.
4678
What is the greatest common factor of 202 and 80450641?
101
What is the highest common factor of 38045 and 9335?
5
What is the highest common divisor of 468 and 270296?
52
Calculate the highest common divisor of 1221 and 375339877.
407
What is the highest common factor of 130136601 and 85173?
7743
What is the highest common factor of 368240 and 320560?
80
What is the greatest common divisor of 74682 and 13521591?
4149
What is the highest common factor of 78 and 88398219?
39
What is the greatest common factor of 336588 and 3144?
12
Calculate the highest common factor of 788867898 and 3108.
1554
Calculate the highest common factor of 4260 and 148472715.
1065
Calculate the greatest common factor of 76944 and 1400.
56
Calculate the greatest common factor of 57 and 1078345.
19
What is the greatest common divisor of 531 and 80800854?
177
Calculate the greatest common divisor of 1401 and 620643.
1401
Calculate the highest common divisor of 5301 and 354046722.
1767
Calculate the highest common factor of 741771 and 1161.
27
Calculate the highest common divisor of 42056732 and 734.
734
What is the greatest common factor of 3060 and 17857820?
340
What is the greatest common factor of 1221 and 2733449?
37
Calculate the highest common divisor of 160125 and 220332.
1281
Calculate the greatest common divisor of 43764 and 9408.
84
Calculate the highest common factor of 23232 and 1976.
8
Calculate the greatest common factor of 62 and 26700238.
62
What is the greatest common factor of 63795164 and 2008?
1004
Calculate the highest common factor of 5757420 and 120.
60
Calculate the highest common divisor of 344284 and 119.
17
What is the highest common divisor of 366036 and 6952?
44
Calculate the greatest common factor of 434 and 2126614.
14
What is the greatest common factor of 4562120 and 4250?
170
What is the greatest common divisor of 522 and 29266830?
18
What is the greatest common factor of 176079684 and 2904?
1452
What is the greatest common factor of 7909561 and 1166?
583
What is the highest common divisor of 22261141 and 19?
19
Calculate the greatest common factor of 18843330 and 783.
87
Calculate the greatest common divisor of 40964 and 935484.
836
Calculate the highest common factor of 32 and 9010264.
8
Calculate the highest common factor of 846 and 33038086.
94
What is the highest common factor of 44 and 5658169?
11
Calculate the greatest common divisor of 747990 and 169110.
90
What is the highest common factor of 36417649 and 203?
29
Calculate the greatest common factor of 514300 and 490.
10
What is the highest common factor of 14283 and 499932?
27
Calculate the highest common factor of 1944 and 228559239.
243
Calculate the highest common factor of 60 and 161453220.
60
What is the highest common factor of 41228 and 44867308?
3748
What is the greatest common factor of 817034 and 1011247?
6697
What is the greatest common divisor of 9167778 and 45?
9
Calculate the highest common divisor of 327901 and 296765.
973
What is the highest common factor of 116802 and 4295754?
162
What is the highest common divisor of 9760192 and 1105?
13
Calculate the greatest common divisor of 2769 and 212477369.
923
What is the highest common divisor of 220 and 332992660?
220
Calculate the highest common factor of 4949 and 15155.
7
Calculate the highest common divisor of 427 and 707089369.
427
Calculate the highest common factor of 345 and 13250185.
115
Calculate the highest common factor of 9104 and 321808.
16
What is the greatest common factor of 16816 and 6781052?
4204
Calculate the greatest common factor of 3807 and 39903.
141
Calculate the greatest common divisor of 13738547 and 174.
29
What is the greatest common divisor of 65 and 345280338?
13
Calculate the highest common factor of 111 and 72625857.
111
What is the highest common divisor of 387845 and 235?
5
Calculate the highest common divisor of 6930 and 17890180.
770
Calculate the greatest common factor of 3391938 and 231.
33
Calculate the greatest common divisor of 225822 and 615978.
366
Calculate the highest common divisor of 2597 and 312297041.
2597
What is the greatest common divisor of 18503663 and 3515?
703
Calculate the highest common divisor of 204 and 98350848.
204
What is the highest common factor of 29700 and 26905?
5
What is the highest common divisor of 9165 and 430285?
235
What is the greatest common divisor of 1389103 and 997215?
3499
Calculate the greatest common divisor of 2867 and 70009273.
2867
Calculate the highest common factor of 109429564 and 9597.
457
Calculate the highest common factor of 173030 and 304018.
286
What is the highest common factor of 186 and 138342646?
62
What is the highest common divisor of 220159 and 2511741?
1607
Calculate the highest common factor of 77341412 and 2196.
244
What is the highest common factor of 50565 and 164785?
5
What is the highest common divisor of 1343950 and 1200?
50
Calculate the greatest common factor of 558065 and 948830.
1195
Calculate the greatest common factor of 5139 and 32295189.
1713
Calculate the highest common divisor of 1468621 and 451.
11
Calculate the highest common factor of 50144 and 44625026.
3134
Calculate the greatest common divisor of 116 and 616547250.
58
What is the greatest common divisor of 787834985 and 15?
5
Calculate the greatest common factor of 42 and 348005.
7
What is the greatest common factor of 4812347 and 848?
53
What is the greatest common factor of 6 and 16316508?
6
What is the highest common divisor of 1389014 and 684?
38
What is the highest common divisor of 10 and 20929570?
10
What is the highest common factor of 90830 and 327670?
310
Calculate the highest common factor of 21 and 8730858.
3